{"id":318,"date":"2025-01-03T11:39:44","date_gmt":"2025-01-03T10:39:44","guid":{"rendered":"https:\/\/lampenmaxe.de\/?page_id=318"},"modified":"2025-05-26T15:50:20","modified_gmt":"2025-05-26T13:50:20","slug":"nachbauvergaser-fuer-tilley-und-vapalux-bialaddin","status":"publish","type":"page","link":"https:\/\/lampenmaxe.de\/?page_id=318","title":{"rendered":"Nachbauvergaser f\u00fcr Tilley\u00ae und Vapalux\u00ae\/Bialaddin\u00ae"},"content":{"rendered":"\n<figure data-wp-context=\"{&quot;imageId&quot;:&quot;69f856024f3c9&quot;}\" data-wp-interactive=\"core\/image\" data-wp-key=\"69f856024f3c9\" class=\"wp-block-image alignleft size-full is-resized wp-lightbox-container\"><img loading=\"lazy\" decoding=\"async\" width=\"316\" height=\"1000\" data-wp-class--hide=\"state.isContentHidden\" data-wp-class--show=\"state.isContentVisible\" data-wp-init=\"callbacks.setButtonStyles\" data-wp-on--click=\"actions.showLightbox\" data-wp-on--load=\"callbacks.setButtonStyles\" data-wp-on-window--resize=\"callbacks.setButtonStyles\" src=\"https:\/\/lampenmaxe.de\/wp-content\/uploads\/2025\/01\/tilley-5inch-01a.jpg\" alt=\"\" class=\"wp-image-1557\" style=\"width:auto;height:300px\" srcset=\"https:\/\/lampenmaxe.de\/wp-content\/uploads\/2025\/01\/tilley-5inch-01a.jpg 316w, https:\/\/lampenmaxe.de\/wp-content\/uploads\/2025\/01\/tilley-5inch-01a-95x300.jpg 95w\" sizes=\"auto, (max-width: 316px) 100vw, 316px\" \/><button\n\t\t\tclass=\"lightbox-trigger\"\n\t\t\ttype=\"button\"\n\t\t\taria-haspopup=\"dialog\"\n\t\t\taria-label=\"Vergr\u00f6\u00dfern\"\n\t\t\tdata-wp-init=\"callbacks.initTriggerButton\"\n\t\t\tdata-wp-on--click=\"actions.showLightbox\"\n\t\t\tdata-wp-style--right=\"state.imageButtonRight\"\n\t\t\tdata-wp-style--top=\"state.imageButtonTop\"\n\t\t>\n\t\t\t<svg xmlns=\"http:\/\/www.w3.org\/2000\/svg\" width=\"12\" height=\"12\" fill=\"none\" viewBox=\"0 0 12 12\">\n\t\t\t\t<path fill=\"#fff\" d=\"M2 0a2 2 0 0 0-2 2v2h1.5V2a.5.5 0 0 1 .5-.5h2V0H2Zm2 10.5H2a.5.5 0 0 1-.5-.5V8H0v2a2 2 0 0 0 2 2h2v-1.5ZM8 12v-1.5h2a.5.5 0 0 0 .5-.5V8H12v2a2 2 0 0 1-2 2H8Zm2-12a2 2 0 0 1 2 2v2h-1.5V2a.5.5 0 0 0-.5-.5H8V0h2Z\" \/>\n\t\t\t<\/svg>\n\t\t<\/button><figcaption class=\"wp-element-caption\">Klick f\u00fcr Gro\u00dfansicht<\/figcaption><\/figure>\n\n\n\n<p>Wie an einigen Stellen schon geschrieben, besteht bei den englischen Drucklampen das Problem, dass der Vergaser nach einer gewissen Betriebsszeit innen Kohle anlagert, verstopft und aufquillt, bis man den Brenner nicht mehr l\u00f6sen kann oder der Vergaser sogar platzt. Man spricht hier in Fachkreisen von \u201eschwangeren\u201c Vergasern. Der Sammler und Bastler Willi Springmann \u2020 hat einen Weg gefunden, diese Vergaser zerlegbar aus Messing herzustellen und mit ersetzbaren D\u00fcsen und Nadeln von Petromax<strong>\u00ae<\/strong> zu best\u00fccken.  Er brauchte f\u00fcr seine Vergaser immer ein altes Original, um den Gewindenippel weiter zu nutzen. Ich habe die Fertigung dahingehend erweitert, dass ich die Gewinde selbst geschnitten habe und somit Doppelnippel passend f\u00fcr Tilley<strong>\u00ae<\/strong> und Vapalux<strong>\u00ae<\/strong>\/Bialaddin<strong>\u00ae<\/strong> herstellen konnte. Selbst die Federn habe ich auf der Drehbank gewickelt.<\/p>\n\n\n\n<p>F\u00fcr die Enthusiasten unter Euch habe ich eine ZIP-Datei zusammengestellt mit Fotos der Fertigung sowie Ma\u00dfzeichnungen und Ablaufpl\u00e4nen f\u00fcr die Drehbank.<\/p>\n\n\n\n<figure class=\"wp-block-image alignleft size-full is-resized\"><img loading=\"lazy\" decoding=\"async\" width=\"570\" height=\"383\" src=\"https:\/\/lampenmaxe.de\/wp-content\/uploads\/2025\/01\/tilley-5inch-05.jpg\" alt=\"\" class=\"wp-image-1558\" style=\"width:300px\" srcset=\"https:\/\/lampenmaxe.de\/wp-content\/uploads\/2025\/01\/tilley-5inch-05.jpg 570w, https:\/\/lampenmaxe.de\/wp-content\/uploads\/2025\/01\/tilley-5inch-05-300x202.jpg 300w\" sizes=\"auto, (max-width: 570px) 100vw, 570px\" \/><figcaption class=\"wp-element-caption\">250er D\u00fcse (leicht gerundet), Nadel und Halterung<\/figcaption><\/figure>\n\n\n\n<figure class=\"wp-block-image alignleft size-full is-resized\"><img loading=\"lazy\" decoding=\"async\" width=\"1000\" height=\"211\" src=\"https:\/\/lampenmaxe.de\/wp-content\/uploads\/2025\/01\/tilley-5inch-03.jpg\" alt=\"\" class=\"wp-image-1559\" style=\"width:400px\" srcset=\"https:\/\/lampenmaxe.de\/wp-content\/uploads\/2025\/01\/tilley-5inch-03.jpg 1000w, https:\/\/lampenmaxe.de\/wp-content\/uploads\/2025\/01\/tilley-5inch-03-300x63.jpg 300w, https:\/\/lampenmaxe.de\/wp-content\/uploads\/2025\/01\/tilley-5inch-03-768x162.jpg 768w\" sizes=\"auto, (max-width: 1000px) 100vw, 1000px\" \/><figcaption class=\"wp-element-caption\">Das Innenleben<\/figcaption><\/figure>\n\n\n\n<div style=\"height:10px\" aria-hidden=\"true\" class=\"wp-block-spacer\"><\/div>\n\n\n\n<div style=\"height:10px\" aria-hidden=\"true\" class=\"wp-block-spacer\"><\/div>\n\n\n\n<figure class=\"wp-block-image aligncenter size-full\"><img loading=\"lazy\" decoding=\"async\" width=\"800\" height=\"533\" src=\"https:\/\/lampenmaxe.de\/wp-content\/uploads\/2025\/01\/nachbauvergaser01.jpg\" alt=\"\" class=\"wp-image-326\" srcset=\"https:\/\/lampenmaxe.de\/wp-content\/uploads\/2025\/01\/nachbauvergaser01.jpg 800w, https:\/\/lampenmaxe.de\/wp-content\/uploads\/2025\/01\/nachbauvergaser01-300x200.jpg 300w, https:\/\/lampenmaxe.de\/wp-content\/uploads\/2025\/01\/nachbauvergaser01-768x512.jpg 768w\" sizes=\"auto, (max-width: 800px) 100vw, 800px\" \/><figcaption class=\"wp-element-caption\">Nachbauvergaser f\u00fcr Vapalux<strong>\u00ae<\/strong> entstehen<\/figcaption><\/figure>\n\n\n\n<p>Die Vergaser f\u00fcr Vapalux<strong>\u00ae<\/strong>\/Bialaddin<strong>\u00ae<\/strong> und der 5&#8243;-Vergaser f\u00fcr TIlley<strong>\u00ae<\/strong> sind mit einer Taille versehen. Diese dient dazu, die W\u00e4rmeleitung zum Tank zu reduzieren (ja, macht sich bemerkbar), denn Messing ist ein wesentlich besserer W\u00e4rmeleiter als der Stahl der Original-Vergaser. Beim 7&#8243;-Vergaser bleibe ich auf der vollen Materialst\u00e4rke, um die Stabilit\u00e4t auch bei Verwendung in den Heizstrahlern wie <a href=\"https:\/\/lampenmaxe.de\/?page_id=1473\" data-type=\"page\" data-id=\"1473\">R1<\/a> sicherzustellen, denn dort liegt das gesamte Gewicht des Brenners auf dem Vergaser. Ein Prototyp mit Taille ist mir da schon umgeknickt. \ud83d\ude41<\/p>\n\n\n\n<p>Nun hat man also den Vorteil, dass der Vergaser nicht nur verschlei\u00dffest ist, weil er mit neuer D\u00fcse und Nadel best\u00fcckt werden kann, sondern er kann eben auch gereinigt werden, indem man ihn zerlegt und mit einer Drahtb\u00fcrste oder einem Bowdenzug durchputzt. Das sollte man gelegentlich aber auch tun, sonst werden sie auch schwanger&#8230;<\/p>\n\n\n\n<p>Hier also nun die ZIP-Datei mit allen Informationen.<\/p>\n\n\n\n<div class=\"wp-block-buttons is-layout-flex wp-block-buttons-is-layout-flex\">\n<div class=\"wp-block-button\"><a class=\"wp-block-button__link wp-element-button\" href=\"http:\/\/www.lampenmaxe.de\/privat\/Nachbauvergaser.zip\">Download<\/a><\/div>\n<\/div>\n\n\n\n<p><\/p>\n","protected":false},"excerpt":{"rendered":"<p>Wie an einigen Stellen schon geschrieben, besteht bei den englischen Drucklampen das Problem, dass der Vergaser nach einer gewissen Betriebsszeit [&hellip;]<\/p>\n","protected":false},"author":1,"featured_media":0,"parent":0,"menu_order":0,"comment_status":"closed","ping_status":"closed","template":"","meta":{"site-sidebar-layout":"default","site-content-layout":"","ast-site-content-layout":"default","site-content-style":"default","site-sidebar-style":"default","ast-global-header-display":"","ast-banner-title-visibility":"","ast-main-header-display":"","ast-hfb-above-header-display":"","ast-hfb-below-header-display":"","ast-hfb-mobile-header-display":"","site-post-title":"","ast-breadcrumbs-content":"","ast-featured-img":"","footer-sml-layout":"","theme-transparent-header-meta":"","adv-header-id-meta":"","stick-header-meta":"","header-above-stick-meta":"","header-main-stick-meta":"","header-below-stick-meta":"","astra-migrate-meta-layouts":"default","ast-page-background-enabled":"default","ast-page-background-meta":{"desktop":{"background-color":"var(--ast-global-color-5)","background-image":"","background-repeat":"repeat","background-position":"center center","background-size":"auto","background-attachment":"scroll","background-type":"","background-media":"","overlay-type":"","overlay-color":"","overlay-opacity":"","overlay-gradient":""},"tablet":{"background-color":"","background-image":"","background-repeat":"repeat","background-position":"center center","background-size":"auto","background-attachment":"scroll","background-type":"","background-media":"","overlay-type":"","overlay-color":"","overlay-opacity":"","overlay-gradient":""},"mobile":{"background-color":"","background-image":"","background-repeat":"repeat","background-position":"center center","background-size":"auto","background-attachment":"scroll","background-type":"","background-media":"","overlay-type":"","overlay-color":"","overlay-opacity":"","overlay-gradient":""}},"ast-content-background-meta":{"desktop":{"background-color":"var(--ast-global-color-4)","background-image":"","background-repeat":"repeat","background-position":"center center","background-size":"auto","background-attachment":"scroll","background-type":"","background-media":"","overlay-type":"","overlay-color":"","overlay-opacity":"","overlay-gradient":""},"tablet":{"background-color":"var(--ast-global-color-4)","background-image":"","background-repeat":"repeat","background-position":"center center","background-size":"auto","background-attachment":"scroll","background-type":"","background-media":"","overlay-type":"","overlay-color":"","overlay-opacity":"","overlay-gradient":""},"mobile":{"background-color":"var(--ast-global-color-4)","background-image":"","background-repeat":"repeat","background-position":"center center","background-size":"auto","background-attachment":"scroll","background-type":"","background-media":"","overlay-type":"","overlay-color":"","overlay-opacity":"","overlay-gradient":""}},"footnotes":""},"class_list":["post-318","page","type-page","status-publish","hentry"],"aioseo_notices":[],"_links":{"self":[{"href":"https:\/\/lampenmaxe.de\/index.php?rest_route=\/wp\/v2\/pages\/318","targetHints":{"allow":["GET"]}}],"collection":[{"href":"https:\/\/lampenmaxe.de\/index.php?rest_route=\/wp\/v2\/pages"}],"about":[{"href":"https:\/\/lampenmaxe.de\/index.php?rest_route=\/wp\/v2\/types\/page"}],"author":[{"embeddable":true,"href":"https:\/\/lampenmaxe.de\/index.php?rest_route=\/wp\/v2\/users\/1"}],"replies":[{"embeddable":true,"href":"https:\/\/lampenmaxe.de\/index.php?rest_route=%2Fwp%2Fv2%2Fcomments&post=318"}],"version-history":[{"count":14,"href":"https:\/\/lampenmaxe.de\/index.php?rest_route=\/wp\/v2\/pages\/318\/revisions"}],"predecessor-version":[{"id":2114,"href":"https:\/\/lampenmaxe.de\/index.php?rest_route=\/wp\/v2\/pages\/318\/revisions\/2114"}],"wp:attachment":[{"href":"https:\/\/lampenmaxe.de\/index.php?rest_route=%2Fwp%2Fv2%2Fmedia&parent=318"}],"curies":[{"name":"wp","href":"https:\/\/api.w.org\/{rel}","templated":true}]}}